he remainder when 80 is divided by j.
26
Let y = -13561 - -14240. Calculate the remainder when y is divided by 226.
1
Suppose -u - 176 = -161. What is the remainder when (-459)/u*50/15 is divided by 55?
47
Let j be 3/(3*(-2)/(-8)). Let a(g) = -g**3 + 6*g**2 + 7*g - 50. What is the remainder when 97 is divided by a(j)?
7
Suppose -3*g - 2476 = -4*m - 5*g, -5*m + 3098 = g. Calculate the remainder when m is divided by 29.
11
Suppose -13*b + 6628 = -5540. Calculate the remainder when (b/42)/(2/28) is divided by 81.
69
Suppose -2229 = 168*c - 8445. Suppose -5*p = v - 150, v - 585 = -3*v - 5*p. Calculate the remainder when v is divided by c.
34
Let q be -5*-4*(-4)/(-20). Suppose 5*g - q*g = 56. What is the remainder when g is divided by 0 + ((-15)/(90/(-84)) - -5)?
18
Let g(z) = z**2 + 6*z + 12. Let x be g(-3). What is the remainder when 39 is divided by 4/x - 528/(-36)?
7
Let r = -550 - -609. Calculate the remainder when r is divided by -27*(12/(-9) + (-2 - -3)).
5
Let q(s) = 11*s - 38 - 39 + 3*s + 6. What is the remainder when 35 is divided by q(7)?
8
Suppose -5*q - j + 32 = 0, 25 = 2*q + 2*q + j. Let p = 27 - q. Let h = -239 - -289. Calculate the remainder when h is divided by p.
10
Suppose -243*m + 7844 = -169*m. What is the remainder when 140 is divided by m?
34
Let u = -40363 - -40599. What is the remainder when 2350 is divided by u?
226
Suppose -3*c = c + 5*i - 1010, -4*i = -5*c + 1283. Let l = c + -173. Let w(g) = -13*g - 9. What is the remainder when l is divided by w(-2)?
14
Let b = 2268 - 2195. Calculate the remainder when 504 is divided by b.
66
Let s(d) = -d**3 + 19*d**2 + d + 80. Calculate the remainder when s(19) is divided by 31.
6
Let k = 292 + -321. Let w(g) = 4*g + 140. Let r = 41 - -6. Calculate the remainder when r is divided by w(k).
23
Let b = -130 - -258. Let l = b - 123. Suppose -244 = -4*y + 2*x, y + l*x - 38 - 23 = 0. What is the remainder when 243 is divided by y?
60
Suppose -50*c + 11645 = -7893 - 4562. What is the remainder when c is divided by 38?
26
Let f(q) = -419*q - 326. Calculate the remainder when 2136 is divided by f(-1).
90
Let g be (-78 - (-9)/(-3)) + -3. Let s = g - -179. Suppose -10*r + s = -35. What is the remainder when r is divided by 8?
5
Suppose 499*c - 13266 = 477*c. What is the remainder when c is divided by 29?
23
Let j(c) = 7*c**2 + c - 1. Let w be ((-42)/(-8))/(9/24). Suppose 32 = 4*p + 4*n, 2*p + 2*n + n - w = 0. What is the remainder when j(-3) is divided by p?
9
Suppose 0 = -6*z + 9*z + 171. Let m be z/18*-20*-2*3. What is the remainder when 62 is divided by (-19)/(m/336) + (-1)/(-5)?
11
Let h(j) = 27*j + 4546. What is the remainder when h(-75) is divided by 167?
16
Let q = 82 + -18. Let v(t) = -16*t + 11*t**2 + 25*t - 1 - 9*t**2. Calculate the remainder when q is divided by v(-6).
13
Let s(d) = -d**3 - 15*d**2 - 19*d - 20. Suppose 33*p = 12*p - 294. What is the remainder when s(p) is divided by 19?
12
Suppose 4*h + r - 1298 = 8*h, 3*h = -5*r - 962. Let x = -312 - h. What is the remainder when 91 is divided by x?
7
Let x(l) = l**2 + 14*l - 56. Suppose -3*r + a = -5 - 17, 5*a - 18 = -r. Calculate the remainder when x(-18) is divided by r.
0
Let d(m) = 3*m**2 + m - 8. Let n be -4*(1 + 1/4). Calculate the remainder when d(n) is divided by (-4)/(-20) + 636/20.
30
Let u = -1267 - -1550. What is the remainder when u is divided by 144?
139
Calculate the remainder when ((-3)/4)/(162/(-217512)) is divided by 60.
47
What is the remainder when 2809 is divided by (40/32 + 6/24)*1120/3?
9
Suppose 0 = 2*h - 5*t + 3, 2*h + 9 - 24 = -t. Let q = h - 2. Calculate the remainder when (48/(-28))/((-32)/28 - -1) is divided by q.
0
Let n(v) = 101*v**3 + 2*v**2 - 13*v + 11. Suppose -y = r - 24, -y + 11 + 19 = 3*r. Calculate the remainder when n(1) is divided by y.
17
Let a(t) = -11*t - 95. Let d(o) = 16*o + 143. Let v(k) = -8*a(k) - 5*d(k). What is the remainder when v(45) is divided by 34?
31
Let q(r) = -r**3 + 19*r**2 - 14*r - 99. What is the remainder when q(9) is divided by 123?
93
Suppose q + 2*n = 69, -117*n + 75 = q - 113*n. What is the remainder when 248 is divided by q?
59
Let g(z) = z**3 - z**2 + 2*z + 3. Let j be g(-3). Calculate the remainder when (j/(-9))/(580/192 + -3) is divided by 53.
49
Let r be 4/(-10) + (-1918)/(-70). Suppose -4*m - 3657 = -r*m. Calculate the remainder when m is divided by 9.
6
Let y(z) = 15*z**2 - 201*z - 38. What is the remainder when y(15) is divided by 106?
4
Suppose -n - j = -68, -28*n + 4*j = -23*n - 340. What is the remainder when 225 is divided by n?
21
Let j(o) = -3*o - 1. Let m be j(6). Let d = 30 + m. Calculate the remainder when (-14)/(448/(-2018)) - (-2)/(-32) is divided by d.
8
Let f(o) = -7*o**2 + 28*o - 11. Let w be f(3). Calculate the remainder when 141 is divided by 398/w + (-15)/(-75).
21
Suppose -4*t + 60 = -2*t. Suppose -5*s - 20 = -4*a - 83, 5*a = -s + t. Let f = -523 + 549. What is the remainder when f is divided by s?
11
Suppose -93131 - 70511 = -290*d + 17608. Calculate the remainder when d is divided by 35.
30
Suppose 17460 = 65*s - 48840. What is the remainder when s is divided by 14?
12
What is the remainder when ((-366)/(-10))/((-5286)/(-8810)) is divided by (-3 - -3) + 2*17?
27
Calculate the remainder when (-1303)/(-10)*10 - 8*-1 is divided by 41.
40
Let z(n) = n**3 + 22*n**2 - 106*n - 37. Let u be z(-26). Suppose 0 = 4*m + u*m - 266. Calculate the remainder when 40 is divided by m.
12
Suppose -2*f + 5*q = 460, f + 6*q + 208 = 3*q. Let v = 1163 + f. Calculate the remainder when v is divided by 35.
33
Let j = -1172 + 1217. Calculate the remainder when 97 is divided by j.
7
Suppose 3*n - 1915 = m, -3*m - 432 = -456. What is the remainder when 663 is divided by n?
22
Suppose 4*d - 20 = 0, -5*x + 5*d - 10 = -0. Suppose 4*u + 3*n = -6*n + 293, -3*u = x*n - 216. Calculate the remainder when 257 is divided by u.
44
Suppose -3 = f - 0. Let v be f/(3/(-2)) + 43 + 7. Suppose 83*k + v = 87*k. What is the remainder when 21 is divided by k?
8
Let x = -70 + 91. Calculate the remainder when 6 is divided by (6/x)/((-5)/(-105)).
0
Suppose 42 - 51 = -3*d. Let s be d/(12/(-4360)*1). What is the remainder when (-3)/(-18) + s/(-12) is divided by 31?
29
Let z(n) = -17*n**3 + 3*n**2 + 7*n - 2. What is the remainder when 685 is divided by z(-2)?
25
Let q(b) = -66*b - 18. Let j be q(-1). Let t = 146 + j. Calculate the remainder when t is divided by 39.
38
Suppose 8*l = 2*l + 6. Let i(v) = 8*v**3 - 2*v**2 + 3*v - 2. Calculate the remainder when (-1)/(-23) + 458/46 is divided by i(l).
3
Let q(g) = 11*g + 5. Let y be 17/102 - (-1)/(-6). What is the remainder when 24 is divided by q(y)?
4
Suppose -3609 + 47858 = 670*a - 20071. Calculate the remainder when a is divided by 25.
21
Let z = 2 + 1. Suppose -s + z + 47 = 0. Suppose 91 = 4*y - c, -62 = -5*y + 3*c + s. What is the remainder when 43 is divided by y?
20
Suppose -3*u - 5*o + 806 = -o, -2*u + 3*o + 560 = 0. Calculate the remainder when u is divided by 5.
4
Suppose -3043 - 4027 = -76*r + 6306. What is the remainder when 3514 is divided by r?
170
Suppose 208*y - 204*y + 384 = 2*k, -3*k + 606 = -y. What is the remainder when k is divided by 35?
29
Let p = 24579 - 10982. Calculate the remainder when p is divided by 80.
77
Suppose u - m = 6*u - 84, 96 = 5*u + 4*m. Let l(w) = -w**3 + 16*w**2 + 2*w - 20. Calculate the remainder when 82 is divided by l(u).
10
Let x(i) = 10*i + 2. Let z = -10 + 11. Let w = -1631 + 1643. What is the remainder when x(z) is divided by w?
0
Suppose 3*n + 9 = 6*n + 3*b, -4*n = -2*b - 6. What is the remainder when 37 is divided by (((-16)/(-10))/4)/(n/90)?
1
Suppose 110 = 8*u + 46. Suppose -u*l = -2*l - 1014. What is the remainder when l is divided by 34?
33
Suppose -2*a + 70*a = -4*a + 7920. What is the remainder when 525 is divided by a?
85
Suppose 0 = 9*b + 6*b - 135. Suppose 12*s = -b*s + 462. What is the remainder when -1 - (1 + -45)*2 is divided by s?
21
Let g be 33/(-2)*((-50)/15)/5. Suppose -5*v - 67 = -3*d, -2*d + 31 = -4*v - g. Calculate the remainder when d is divided by 10.
9
Let k be (-1 - 2/(-4))*-18. Suppose 301*z = 332*z - 527. Suppose -z - 127 = -k*w. What is the remainder when 111 is divided by w?
15
Let p be 4/16 - (-4 - 2565/(-20)). What is the remainder when 59 is divided by (p/4 - 2)*